{"id":67,"date":"2019-09-17T11:55:35","date_gmt":"2019-09-17T09:55:35","guid":{"rendered":"https:\/\/jump-performance.com\/?page_id=67"},"modified":"2020-06-24T10:15:17","modified_gmt":"2020-06-24T08:15:17","slug":"accueil-2","status":"publish","type":"page","link":"https:\/\/jump-performance.com\/","title":{"rendered":"Accueil"},"content":{"rendered":"\n<div class=\"alignfull\"><div id=\"metaslider-id-58\" style=\"width: 100%;\" class=\"ml-slider-3-20-3 metaslider metaslider-flex metaslider-58 ml-slider\">\n    <div id=\"metaslider_container_58\">\n        <div id=\"metaslider_58\">\n            <ul aria-live=\"polite\" class=\"slides\">\n                <li style=\"display: block; width: 100%;\" class=\"slide-1261 ms-image\"><a href=\"https:\/\/jump-performance.com\/?page_id=422\" target=\"_self\"><img src=\"https:\/\/jump-performance.com\/wp-content\/uploads\/2020\/05\/slider_testfoot2.jpg\" height=\"600\" width=\"1900\" alt=\"tenue maillot foot football personnalise jump performance industries\" class=\"slider-58 slide-1261\" title=\"slider_testfoot2\" \/><\/a><\/li>\n                <li style=\"display: none; width: 100%;\" class=\"slide-60 ms-image\"><a href=\"https:\/\/jump-performance.com\/?page_id=823\" target=\"_self\"><img src=\"https:\/\/jump-performance.com\/wp-content\/uploads\/2020\/06\/slider_basket20.jpg\" height=\"600\" width=\"1900\" alt=\"tenue maillot basket personnalise jump performance industries\" class=\"slider-58 slide-60\" title=\"slider_basket20\" \/><\/a><\/li>\n                <li style=\"display: none; width: 100%;\" class=\"slide-1608 ms-image\"><a href=\"https:\/\/jump-performance.com\/?page_id=750\" target=\"_self\"><img src=\"https:\/\/jump-performance.com\/wp-content\/uploads\/2020\/06\/slider_rugby20.jpg\" height=\"600\" width=\"1900\" alt=\"tenue maillot rugby personnalise jump performance industries\" class=\"slider-58 slide-1608\" title=\"slider_rugby20\" \/><\/a><\/li>\n                <li style=\"display: none; width: 100%;\" class=\"slide-1610 ms-image\"><a href=\"https:\/\/jump-performance.com\/?page_id=657\" target=\"_self\"><img src=\"https:\/\/jump-performance.com\/wp-content\/uploads\/2020\/06\/slider_hand20b.jpg\" height=\"600\" width=\"1900\" alt=\"tenue maillot hand handball personnalise jump performance industries\" class=\"slider-58 slide-1610\" title=\"slider_hand20b\" \/><\/a><\/li>\n                <li style=\"display: none; width: 100%;\" class=\"slide-1612 ms-image\"><a href=\"https:\/\/jump-performance.com\/?page_id=699\" target=\"_self\"><img src=\"https:\/\/jump-performance.com\/wp-content\/uploads\/2020\/06\/slider_volley20.jpg\" height=\"600\" width=\"1900\" alt=\"\" class=\"slider-58 slide-1612\" title=\"slider_volley20\" \/><\/a><\/li>\n                <li style=\"display: none; width: 100%;\" class=\"slide-1616 ms-image\"><a href=\"https:\/\/jump-performance.com\/?page_id=1049\" target=\"_self\"><img src=\"https:\/\/jump-performance.com\/wp-content\/uploads\/2020\/06\/slider_athle20.jpg\" height=\"600\" width=\"1900\" alt=\"\" class=\"slider-58 slide-1616\" title=\"slider_athle20\" \/><\/a><\/li>\n                <li style=\"display: none; width: 100%;\" class=\"slide-2051 ms-image\"><a href=\"https:\/\/jump-performance.com\/?page_id=1703\" target=\"_self\"><img src=\"https:\/\/jump-performance.com\/wp-content\/uploads\/2020\/06\/slider_cyclisme2020.jpg\" height=\"600\" width=\"1900\" alt=\"\" class=\"slider-58 slide-2051\" title=\"slider_cyclisme2020\" \/><\/a><\/li>\n                <li style=\"display: none; width: 100%;\" class=\"slide-1614 ms-image\"><a href=\"https:\/\/www.jump-industries.com\/categorie-produit\/textiles\/tenues_perso\/tenues_bmx\/\" target=\"_self\"><img src=\"https:\/\/jump-performance.com\/wp-content\/uploads\/2020\/06\/slider_bmx-vtt20.jpg\" height=\"600\" width=\"1900\" alt=\"\" class=\"slider-58 slide-1614\" title=\"slider_bmx-vtt20\" \/><\/a><\/li>\n            <\/ul>\n        <\/div>\n        \n    <\/div>\n<\/div><\/div>\n\n\n\n<div class=\"wp-block-kadence-rowlayout alignnone\"><div id=\"kt-layout-id_8994a2-4f\" class=\"kt-row-layout-inner kt-layout-id_8994a2-4f\"><div class=\"kt-row-layout-top-sep kt-row-sep-type-crv\"><svg style=\"fill:#ff0000\" viewbox=\"0 0 1000 100\" preserveaspectratio=\"none\"><path d=\"M1000,100c0,0 -270.987,-98 -500,-98c-229.013,0 -500,98 -500,98l1000,0Z\"><\/path><\/svg><\/div><div class=\"kt-row-column-wrap kt-has-1-columns kt-gutter-default kt-v-gutter-default kt-row-valign-top kt-row-layout-equal kt-tab-layout-inherit kt-m-colapse-left-to-right kt-mobile-layout-row\">\n<div class=\"wp-block-kadence-column inner-column-1 kadence-column_bb1a18-ef\"><div class=\"kt-inside-inner-col\">\n<p style=\"font-size:18px\" class=\"has-text-align-center\"><strong>JUMP Performance<\/strong> &#8211; Ligne de v\u00eatements de sport personnalis\u00e9s.&nbsp;<\/p>\n\n\n\n<p style=\"font-size:18px\"><strong>Football, rugby, volley, handball, basketball, athl\u00e9tisme, cyclisme\u2026<\/strong>&nbsp;Quel que soit le sport,  <strong>JUMP Performance<\/strong> r\u00e9pondra \u00e0 tous vos besoins.&nbsp;<strong>Association, Club, Entreprise, Professionel&#8230;<\/strong>&nbsp;Nous mettons notre savoir-faire et nos id\u00e9es au service de votre projet et de la&nbsp;<strong><em>qualit\u00e9 fran\u00e7aise<\/em><\/strong>. <\/p>\n<\/div><\/div>\n<\/div><\/div><\/div>\n\n\n\n<div class=\"wp-block-kadence-rowlayout alignnone\"><div id=\"kt-layout-id_1fdd58-eb\" class=\"kt-row-layout-inner kt-layout-id_1fdd58-eb\"><div class=\"kt-row-layout-top-sep kt-row-sep-type-crvri\"><svg style=\"fill:#183f73\" viewbox=\"0 0 1000 100\" preserveaspectratio=\"none\"><path d=\"M1000,0c0,0 -120.987,98 -350,98c-229.013,0 -650,-98 -650,-98l0,100l1000,0l0,-100Z\"><\/path><\/svg><\/div><div class=\"kt-row-column-wrap kt-has-3-columns kt-gutter-default kt-v-gutter-default kt-row-valign-top kt-row-layout-equal kt-tab-layout-inherit kt-m-colapse-left-to-right kt-mobile-layout-row\">\n<div class=\"wp-block-kadence-column inner-column-1 kadence-column_90ad32-ae\"><div class=\"kt-inside-inner-col\">\n<figure class=\"wp-block-image size-large img-grid\"><a class=\"\" href=\"https:\/\/jump-performance.com\/?page_id=422\"><img loading=\"lazy\" width=\"373\" height=\"258\" src=\"https:\/\/jump-performance.com\/wp-content\/uploads\/2020\/05\/football_grid_homec.jpg\" alt=\"\" class=\"wp-image-1574\" srcset=\"https:\/\/jump-performance.com\/wp-content\/uploads\/2020\/05\/football_grid_homec.jpg 373w, https:\/\/jump-performance.com\/wp-content\/uploads\/2020\/05\/football_grid_homec-300x208.jpg 300w\" sizes=\"(max-width: 373px) 100vw, 373px\" \/><\/a><\/figure>\n\n\n\n<figure class=\"wp-block-image img-grid\"><a href=\"https:\/\/jump-performance.com\/?page_id=657\"><img loading=\"lazy\" width=\"373\" height=\"258\" src=\"https:\/\/jump-performance.com\/wp-content\/uploads\/2019\/09\/handball_grid_home2020-1.jpg\" alt=\"\" class=\"wp-image-98\" srcset=\"https:\/\/jump-performance.com\/wp-content\/uploads\/2019\/09\/handball_grid_home2020-1.jpg 373w, https:\/\/jump-performance.com\/wp-content\/uploads\/2019\/09\/handball_grid_home2020-1-300x208.jpg 300w\" sizes=\"(max-width: 373px) 100vw, 373px\" \/><\/a><\/figure>\n\n\n\n<figure class=\"wp-block-image size-large img-grid\"><a href=\"https:\/\/jump-performance.com\/?page_id=1703\"><img loading=\"lazy\" width=\"373\" height=\"258\" src=\"https:\/\/jump-performance.com\/wp-content\/uploads\/2020\/05\/cyclisme_grid_homec.jpg\" alt=\"\" class=\"wp-image-1581\" srcset=\"https:\/\/jump-performance.com\/wp-content\/uploads\/2020\/05\/cyclisme_grid_homec.jpg 373w, https:\/\/jump-performance.com\/wp-content\/uploads\/2020\/05\/cyclisme_grid_homec-300x208.jpg 300w\" sizes=\"(max-width: 373px) 100vw, 373px\" \/><\/a><\/figure>\n<\/div><\/div>\n\n\n\n<div class=\"wp-block-kadence-column inner-column-2 kadence-column_bd49c1-f5\"><div class=\"kt-inside-inner-col\">\n<figure class=\"wp-block-image img-grid\"><a href=\"https:\/\/jump-performance.com\/?page_id=823\"><img loading=\"lazy\" width=\"373\" height=\"258\" src=\"https:\/\/jump-performance.com\/wp-content\/uploads\/2019\/09\/basket_grid_home2020.jpg\" alt=\"\" class=\"wp-image-85\" srcset=\"https:\/\/jump-performance.com\/wp-content\/uploads\/2019\/09\/basket_grid_home2020.jpg 373w, https:\/\/jump-performance.com\/wp-content\/uploads\/2019\/09\/basket_grid_home2020-300x208.jpg 300w\" sizes=\"(max-width: 373px) 100vw, 373px\" \/><\/a><\/figure>\n\n\n\n<figure class=\"wp-block-image img-grid\"><a href=\"https:\/\/jump-performance.com\/?page_id=699\"><img loading=\"lazy\" width=\"373\" height=\"258\" src=\"https:\/\/jump-performance.com\/wp-content\/uploads\/2019\/09\/volleyball_grid_home20b.jpg\" alt=\"\" class=\"wp-image-99\" srcset=\"https:\/\/jump-performance.com\/wp-content\/uploads\/2019\/09\/volleyball_grid_home20b.jpg 373w, https:\/\/jump-performance.com\/wp-content\/uploads\/2019\/09\/volleyball_grid_home20b-300x208.jpg 300w\" sizes=\"(max-width: 373px) 100vw, 373px\" \/><\/a><\/figure>\n\n\n\n<figure class=\"wp-block-image size-large img-grid\"><a href=\"https:\/\/www.jump-industries.com\/\" target=\"_blank\" rel=\"noreferrer noopener\"><img loading=\"lazy\" width=\"373\" height=\"258\" src=\"https:\/\/jump-performance.com\/wp-content\/uploads\/2020\/05\/bmx-vtt_grid_homec.jpg\" alt=\"\" class=\"wp-image-1580\" srcset=\"https:\/\/jump-performance.com\/wp-content\/uploads\/2020\/05\/bmx-vtt_grid_homec.jpg 373w, https:\/\/jump-performance.com\/wp-content\/uploads\/2020\/05\/bmx-vtt_grid_homec-300x208.jpg 300w\" sizes=\"(max-width: 373px) 100vw, 373px\" \/><\/a><\/figure>\n<\/div><\/div>\n\n\n\n<div class=\"wp-block-kadence-column inner-column-3 kadence-column_247c01-36\"><div class=\"kt-inside-inner-col\">\n<figure class=\"wp-block-image size-large img-grid\"><a href=\"https:\/\/jump-performance.com\/?page_id=750\"><img loading=\"lazy\" width=\"373\" height=\"258\" src=\"https:\/\/jump-performance.com\/wp-content\/uploads\/2020\/05\/rugby_grid_homec.jpg\" alt=\"\" class=\"wp-image-1575\" srcset=\"https:\/\/jump-performance.com\/wp-content\/uploads\/2020\/05\/rugby_grid_homec.jpg 373w, https:\/\/jump-performance.com\/wp-content\/uploads\/2020\/05\/rugby_grid_homec-300x208.jpg 300w\" sizes=\"(max-width: 373px) 100vw, 373px\" \/><\/a><\/figure>\n\n\n\n<figure class=\"wp-block-image size-large img-grid\"><a href=\"https:\/\/jump-performance.com\/?page_id=1049\"><img loading=\"lazy\" width=\"373\" height=\"258\" src=\"https:\/\/jump-performance.com\/wp-content\/uploads\/2020\/05\/athletisme_grid_homec.jpg\" alt=\"\" class=\"wp-image-1576\" srcset=\"https:\/\/jump-performance.com\/wp-content\/uploads\/2020\/05\/athletisme_grid_homec.jpg 373w, https:\/\/jump-performance.com\/wp-content\/uploads\/2020\/05\/athletisme_grid_homec-300x208.jpg 300w\" sizes=\"(max-width: 373px) 100vw, 373px\" \/><\/a><\/figure>\n\n\n\n<figure class=\"wp-block-image size-large img-grid\"><a href=\"https:\/\/jump-performance.com\/?page_id=1903\"><img loading=\"lazy\" width=\"373\" height=\"258\" src=\"https:\/\/jump-performance.com\/wp-content\/uploads\/2020\/05\/accessoires_grid_homec.jpg\" alt=\"\" class=\"wp-image-1586\" srcset=\"https:\/\/jump-performance.com\/wp-content\/uploads\/2020\/05\/accessoires_grid_homec.jpg 373w, https:\/\/jump-performance.com\/wp-content\/uploads\/2020\/05\/accessoires_grid_homec-300x208.jpg 300w\" sizes=\"(max-width: 373px) 100vw, 373px\" \/><\/a><\/figure>\n<\/div><\/div>\n<\/div><div class=\"kt-row-layout-bottom-sep kt-row-sep-type-crvri\"><svg style=\"fill:#ff0000\" viewbox=\"0 0 1000 100\" preserveaspectratio=\"none\"><path d=\"M1000,0c0,0 -120.987,98 -350,98c-229.013,0 -650,-98 -650,-98l0,100l1000,0l0,-100Z\"><\/path><\/svg><\/div><\/div><\/div>\n<style class=\"advgb-styles-renderer\">#kt-layout-id_8994a2-4f .kt-row-layout-bottom-sep{height:44px;}#kt-layout-id_8994a2-4f .kt-row-layout-top-sep{height:10px;}#kt-layout-id_8994a2-4f > .kt-row-column-wrap{padding-top:30px;padding-bottom:30px;}#kt-layout-id_1fdd58-eb .kt-row-layout-bottom-sep{height:40px;}#kt-layout-id_1fdd58-eb .kt-row-layout-top-sep{height:40px;}#kt-layout-id_1fdd58-eb > .kt-row-column-wrap{padding-top:50px;padding-bottom:70px;}<\/style>","protected":false},"excerpt":{"rendered":"","protected":false},"author":1,"featured_media":0,"parent":0,"menu_order":0,"comment_status":"closed","ping_status":"closed","template":"page-fullwidth.php","meta":{"advgb_blocks_editor_width":"","advgb_blocks_columns_visual_guide":"","kt_blocks_editor_width":""},"categories":[],"tags":[],"coauthors":[],"author_meta":{"author_link":"https:\/\/jump-performance.com\/?author=1","display_name":"adminFDjump"},"relative_dates":{"created":"Posted 7 ans ago","modified":"Updated 6 ans ago"},"absolute_dates":{"created":"Posted on 17 septembre 2019","modified":"Updated on 24 juin 2020"},"absolute_dates_time":{"created":"Posted on 17 septembre 2019 11 h 55 min","modified":"Updated on 24 juin 2020 10 h 15 min"},"featured_img_caption":"","uagb_featured_image_src":{"full":false,"thumbnail":false,"medium":false,"medium_large":false,"large":false,"1536x1536":false,"2048x2048":false,"widget-thumb":false},"uagb_author_info":{"display_name":"adminFDjump","author_link":"https:\/\/jump-performance.com\/?author=1"},"uagb_comment_info":0,"uagb_excerpt":null,"_links":{"self":[{"href":"https:\/\/jump-performance.com\/index.php?rest_route=\/wp\/v2\/pages\/67"}],"collection":[{"href":"https:\/\/jump-performance.com\/index.php?rest_route=\/wp\/v2\/pages"}],"about":[{"href":"https:\/\/jump-performance.com\/index.php?rest_route=\/wp\/v2\/types\/page"}],"author":[{"embeddable":true,"href":"https:\/\/jump-performance.com\/index.php?rest_route=\/wp\/v2\/users\/1"}],"replies":[{"embeddable":true,"href":"https:\/\/jump-performance.com\/index.php?rest_route=%2Fwp%2Fv2%2Fcomments&post=67"}],"version-history":[{"count":61,"href":"https:\/\/jump-performance.com\/index.php?rest_route=\/wp\/v2\/pages\/67\/revisions"}],"predecessor-version":[{"id":2042,"href":"https:\/\/jump-performance.com\/index.php?rest_route=\/wp\/v2\/pages\/67\/revisions\/2042"}],"wp:attachment":[{"href":"https:\/\/jump-performance.com\/index.php?rest_route=%2Fwp%2Fv2%2Fmedia&parent=67"}],"wp:term":[{"taxonomy":"category","embeddable":true,"href":"https:\/\/jump-performance.com\/index.php?rest_route=%2Fwp%2Fv2%2Fcategories&post=67"},{"taxonomy":"post_tag","embeddable":true,"href":"https:\/\/jump-performance.com\/index.php?rest_route=%2Fwp%2Fv2%2Ftags&post=67"}],"curies":[{"name":"wp","href":"https:\/\/api.w.org\/{rel}","templated":true}]}}